**3 + 3*o**2 + 3*o + 1. Give w(s).
-1
Let f(r) be the first derivative of -35*r**3/3 + r - 57. What is f(-1)?
-34
Let l(r) = -r**2 - r. Let a(u) be the third derivative of u**6/120 + u**5/60 + u**3/2 + u**2. Let q(s) = a(s) - 3*l(s). Determine q(-3).
3
Let j(k) be the second derivative of 0*k**2 + 0 + 2*k - 2/3*k**3. Suppose -8 + 3 = -5*q. Give j(q).
-4
Let u = -164 - -163. Let s(l) = 22*l**3 + l**2 - l - 1. Calculate s(u).
-21
Let g(o) = o**3 + 0*o + 2*o + 7*o**2 + 2*o + 1. What is g(-6)?
13
Suppose -5*x + j = -71, -2*x - 26 = -4*x - 2*j. Let a = x + -11. Let w(z) = 3*z + 2*z**2 - 6 + 5 - 2*z**3 + z**3. Determine w(a).
-1
Let u(z) = -z**3 + 3*z**2 + 0*z**2 + 15*z - 14*z - 2. Calculate u(3).
1
Let g(q) = q**2 + 7*q - 4. Let i be g(-7). Suppose -4*y = 2*w - 12 - 12, -y - 8 = -3*w. Let p(r) = 5*r + r**2 - y*r + 0*r**2 - 4. Calculate p(i).
8
Let v(l) = -2*l + 1 - l**3 + 0*l**3 - 3*l + 4*l. What is v(1)?
-1
Let v(f) = -f - 2. Suppose i - 1 = a - 0*i, -i = -5. Suppose -a*d + 4*s - 8 = -0, 4*d - 20 = -3*s. Suppose d*g = -2*g + 16. Give v(g).
-6
Let c(l) = 4*l**2 - 2*l + 1. Let m = -11 - -6. Let d = -4 - m. Give c(d).
3
Let o(b) = b**3 + 4*b**2 + 3*b**2 - 12*b**2 + 2*b. What is o(2)?
-8
Let c be (-2)/(-8) + 14/8. Let l(w) = -2*w + 3*w**3 + c*w**2 - w**3 - 2*w**3 + 1 + w**3. Calculate l(-3).
-2
Let s(g) be the third derivative of 0*g + 0 - 1/6*g**3 + 0*g**4 + 3*g**2 - 1/60*g**5. Calculate s(-3).
-10
Let f(k) = -k + 3. Let x = -146 - -149. What is f(x)?
0
Suppose -3*f = -2*f - 8. Let z(s) = 9*s - f*s + 0*s. What is z(0)?
0
Let q(m) = m**2 - 6*m + 6. Let l(u) = -u**3 + 13*u**2 - 23*u + 16. Let v be l(11). Calculate q(v).
1
Let s(l) = -l**2 + 7*l - 6. Suppose 5*c - 78 = -5*z + 22, 0 = 4*c + 2*z - 74. Let y = -10 + c. Let m be 2/7 + 26/y. What is s(m)?
6
Let a be 39/9 - 1/3. Suppose 0*x = -2*x + a. Let i(o) = -1 - 2*o**2 + 0*o**x + 0*o**2. Calculate i(-1).
-3
Let k(i) = i**2 + 4*i - 4. Suppose 5*n = 2*m + 13 + 8, n - 9 = -2*m. Let r(y) = y**2 + 2*y. Let o be r(2). Suppose 2 - o = m*g. Determine k(g).
-7
Let v(m) = 20 + 9 + 32*m - 30. What is v(1)?
31
Suppose 5*a - 11 = 9. Let x(z) = z - 2. Let i(s) = 3*s - 9. Let m(n) = -i(n) + 5*x(n). Calculate m(a).
7
Suppose 0 = -3*u - 5 + 2. Let p be (-4 + 3)*4/(-2). Let o(x) = -6 - p*x + 3*x + 5 + 6*x. Give o(u).
-8
Let k be (3/2)/(18/(-24)). Let s(l) = -3*l**2 - 2. Let g(d) = 3*d**2 + 1. Let r(x) = k*s(x) - 3*g(x). Suppose u + 4 = -z, -4*u + 5 = z + 18. Give r(z).
-2
Let a be (-4)/(2 + -4) + -1. Suppose -4 = -t - a. Let l(x) = 2*x**2 - 3*x + 2. Let q(r) = -r**2 + 2*r - 2. Let y(k) = -2*l(k) - 3*q(k). Give y(t).
-7
Let q(t) be the first derivative of 1/6*t**3 - 2 + 3*t - 3/2*t**2. Let o(a) be the first derivative of q(a). What is o(5)?
2
Let b(p) = p**2 + 3*p - 7*p + 36 - 36. Let k be (1 + 2)*4/(-3). Let q = -1 - k. What is b(q)?
-3
Suppose -3*r + 6 = -5*r. Let o(p) be the second derivative of 0 - 1/6*p**3 + p - 5/2*p**2. What is o(r)?
-2
Let j be (-208)/(-91) - 2/7. Let v(w) = 1 + 4*w**2 - 1 - 2 - j*w**2. Give v(2).
6
Let k(q) be the first derivative of -3*q**2/2 - 5*q - 6. Give k(-5).
10
Let s(c) = 3 + c**2 + 4*c + 2*c + 0*c. Let a(z) = z**3 - 7*z**2 + 15*z - 60. Let u be a(6). Give s(u).
3
Let s be ((-9)/(-6))/((-1)/(-6)). Suppose 0 = 5*v + s + 6. Let o(i) be the second derivative of -i**3/3 - 2*i**2 - 6*i. Determine o(v).
2
Let k(w) = w**3 - 5*w**2 + 5*w + 1. Suppose 0 = -3*x - 1 + 10. Suppose 2*t - 5 = x. Suppose t*c = -c + 20. What is k(c)?
5
Let v be (1 - 1) + (10 - 4). Let j(s) = -s**3 + 6*s**2 + 3*s - 4. Give j(v).
14
Let i(w) = 4*w**2 + 2*w - 1. Suppose -3*c + 4 = 1. Give i(c).
5
Let j be 2/(5*2/65). Let k(h) = -j*h**2 - 15*h**2 + 30*h**2. Suppose 5*f - 3 - 7 = 0. What is k(f)?
8
Let i(a) = -a**2 - 13*a + 32. Let w be i(-15). Let s(l) be the first derivative of 1/2*l**w - 2 + 4*l. Determine s(-5).
-1
Let g(v) = -5*v**2 + 5*v**2 - v**2 - 5*v + v**3 - 8 + 4*v. What is g(0)?
-8
Let r = -2 + 2. Let o(s) be the first derivative of -s**3/3 - s**2/2 - 8*s + 1. Calculate o(r).
-8
Let l(q) = q**3 + q + 1. Let i(c) be the first derivative of 4*c**3/3 - 4*c**2 - 8*c - 3. Let g(d) = i(d) + l(d). What is g(-5)?
3
Let g(j) = 4*j**2 + 3*j - 15. Let z(x) = 3*x**2 + 2*x - 10. Let k(p) = -5*g(p) + 7*z(p). Suppose 0 = -5*b + 2*b. Suppose b*i = 2*i. Determine k(i).
5
Let m(o) be the second derivative of 0 + 2*o + 1/2*o**2 + 1/3*o**3. Determine m(3).
7
Suppose 0*h - 5*h + 5 = 0. Let z(c) be the second derivative of 7*c**5/20 - c**2/2 - 2*c. Give z(h).
6
Let i = 76 + -83. Let t(q) = q**3 + 7*q**2 + 2*q + 1. Give t(i).
-13
Let z(k) be the third derivative of k**8/20160 - k**7/1680 - k**6/360 - k**5/20 + 2*k**2. Let d(n) be the third derivative of z(n). Determine d(4).
2
Let o(g) = -8*g + 1. Let t(z) = 2*z - 9. Let y be t(7). Suppose 8 = 2*i, -7 = y*f - 0*f - 3*i. Give o(f).
-7
Suppose 2*o + 3*r + 2*r = -6, -4*r - 12 = 4*o. Let d(m) = m**2 + m. Determine d(o).
6
Let g = -4 - -6. Let o(s) = 5*s - 1. Determine o(g).
9
Suppose 0 = 3*z - 2*y + 1 - 2, y = z. Let l(w) = -2*w**2. Give l(z).
-2
Let r = -13439/30 - -448. Let x(u) be the third derivative of -r*u**5 + 0*u + 0 + 4*u**2 + 1/8*u**4 + 2/3*u**3. Give x(3).
-5
Let t(z) = -5*z - 3. Suppose 5*j + 2*l + 26 = 0, 2*j - 6*j - 25 = 3*l. Let k(b) = -6*b - 3. Let o(f) = j*k(f) + 5*t(f). Give o(-7).
4
Let j(r) = r + 3. Let v be (3/2 + -1)*-6. Determine j(v).
0
Let a(p) = p + 1. Let w(m) = -11*m - 9. Let d(q) = -6*a(q) - w(q). Let x = 3 + -1. Let v be x/4 + (-5)/2. Calculate d(v).
-7
Let z = 5 + -5. Let m(d) = 1 + 1 - 5*d + z + 4*d. What is m(6)?
-4
Suppose -2*z - 2 = 18. Let f = z - -14. Let m(q) = -11*q**2 + 15*q - 13. Let v(r) = -5*r**2 + 7*r - 6. Let i(h) = 4*m(h) - 9*v(h). What is i(f)?
6
Let t(u) = -u**3 - 5*u**2 - 5*u - 3. Let v be 33/2*(-2)/(-3). Let q = 8 - v. What is t(q)?
-6
Let m be (-1 - 0 - 1)*-2. Let c(p) = p**2 - 4*p. Determine c(m).
0
Let b(h) = h**2 + 4*h + 3. Suppose -3*z = 21 - 9. Give b(z).
3
Let s(g) = -4 + 1 + 3 - 1 + 15*g. Let a(o) = o**2 - 7*o + 1. Let x be a(7). What is s(x)?
14
Suppose 5*q + s - 28 = -2*s, q - s - 4 = 0. Let k be 2/((-1)/3*-2). Let z(b) = -2*b**k - q*b + b**3 + b + 6*b**2. Determine z(5).
5
Let a = 4 + 4. Let w = 11 - a. Let b(i) = -2*i + 4. Let h be b(w). Let j(p) = p**2 + p + 1. What is j(h)?
3
Suppose -13 + 81 = 4*d. Suppose -18 - d = -5*h. Let b(z) = -h + 7 - z. Determine b(1).
-1
Let x(w) = -3*w**2 + 3*w - 3. Let v(d) = -d**2 - 1. Let c(h) = 4*v(h) - x(h). Suppose 2*a + m = -3, -3*a + 3 = -4*m + 2. Calculate c(a).
1
Let o be 4/(-8) + 1/(-2). Let q(r) = -r. Let f(w) = -2*w. Let v(b) = o*f(b) + 3*q(b). What is v(1)?
-1
Let c(d) be the second derivative of 2*d**3/3 + 3*d**2 + 30*d. Determine c(-4).
-10
Let m(p) = p + 5. Let i be m(-7). Let y = 1 + i. Let z(r) = 6*r**2 - 1. Give z(y).
5
Suppose 0*l = -7*l. Let x(j) = j**3 - 2*j**2 + 3*j + 3. Let b(a) = -a**3 + a**2 - a - 1. Let s(w) = -2*b(w) - x(w). Give s(l).
-1
Suppose -5*c + 8 = -7. Let v = c - -2. Let b(f) = -f**2 + 7*f - 3. Give b(v).
7
Let r(i) = 2*i**2 + 3*i**2 - 4*i**2 - 7. Determine r(0).
-7
Let x(o) = 5*o**2 + 1. Let i be 10/(-5)*1/2. Calculate x(i).
6
Let k(j) be the second derivative of -7*j**4/4 + 9*j. Determine k(-1).
-21
Let i(m) = -m**2 + 5. Let c(n) = -n - 3. Suppose -3 = 3*l - 2*l. Let j be c(l). Calculate i(j).
5
Suppose l + 12 = -2*l. Let j(c) = c**3 + 4*c**2 - c - 5. Determine j(l).
-1
Let c(q) be the first derivative of -q - 1/4*q**4 + 1/2*q**2 - 4 + 0*q**3. Calculate c(0).
-1
Suppose -2*g + l - 7 + 4 = 0, 4*g - 5*l = -3. Let s(x) = 5*x - 2. Let a(b) = 3*b - 1. Let r(k) = 6*a(k) - 4*s(k). Calculate r(g).
6
Let s(d) = d + 1. Suppose -7*j + 10*j - 9 = 0. Determine s(j).
4
Let p(a) be the first derivative of -a**2/2 + 5. Suppose -4*r - 18 = 3*z, -r + 0*r - 13 = 5*z. Let t be (-3 - -2)*r - 5. Give p(t).
2
Let o(i) = -i**2 + 5*i - 2. Let v be o(3). Let t be (v/5)/(2/10). Let a(k) = -3 - 2 + 0*k**2 - t*k - k**2. Calculate a(-4).
-5
Let s(x) = 0*x - 74 + 81 + x. Determine s(0).
7
Let b(x) = -x**3 + 4*x**2 - 4*x + 6. Let k(m) = -3 + 2*m - m + 2. Let a(o) = -b(o) - k(o). Determine a(4).
7
Suppose 455 = 4*s + s. Let v be s/(-77) - 2/(-11). Let i(f) = 7*f - 1. Calculate i(v).
-8
Let j(d) = d**2 + d + 3. Let i be j(0). Let n(w) = -2*w**i - 3 - 3*w + 3*w**3 + 5 + 4*w**2. Let h(z) = 